is the remainder when 48 is divided by 38?
10
What is the remainder when 639 is divided by 113?
74
What is the remainder when 1145 is divided by 130?
105
Calculate the remainder when 51 is divided by 26.
25
What is the remainder when 223 is divided by 197?
26
Calculate the remainder when 324 is divided by 26.
12
What is the remainder when 110 is divided by 29?
23
Calculate the remainder when 1650 is divided by 20.
10
Calculate the remainder when 380 is divided by 16.
12
What is the remainder when 317 is divided by 179?
138
Calculate the remainder when 104 is divided by 19.
9
Calculate the remainder when 1884 is divided by 46.
44
Calculate the remainder when 7 is divided by 6.
1
Calculate the remainder when 120 is divided by 62.
58
Calculate the remainder when 382 is divided by 7.
4
What is the remainder when 8525 is divided by 87?
86
Calculate the remainder when 280 is divided by 137.
6
Calculate the remainder when 96 is divided by 31.
3
What is the remainder when 1856 is divided by 110?
96
What is the remainder when 70 is divided by 20?
10
Calculate the remainder when 126 is divided by 44.
38
What is the remainder when 256 is divided by 67?
55
Calculate the remainder when 457 is divided by 42.
37
Calculate the remainder when 2262 is divided by 189.
183
Calculate the remainder when 1386 is divided by 142.
108
What is the remainder when 91 is divided by 49?
42
What is the remainder when 2868 is divided by 41?
39
What is the remainder when 444 is divided by 62?
10
Calculate the remainder when 7809 is divided by 252.
249
What is the remainder when 2804 is divided by 933?
5
What is the remainder when 83 is divided by 6?
5
Calculate the remainder when 127 is divided by 97.
30
What is the remainder when 192 is divided by 27?
3
Calculate the remainder when 3421 is divided by 214.
211
Calculate the remainder when 11268 is divided by 46.
44
Calculate the remainder when 40 is divided by 28.
12
Calculate the remainder when 52 is divided by 36.
16
What is the remainder when 306 is divided by 39?
33
Calculate the remainder when 6535 is divided by 1632.
7
What is the remainder when 86 is divided by 24?
14
Calculate the remainder when 3069 is divided by 24.
21
Calculate the remainder when 1537 is divided by 5.
2
What is the remainder when 246 is divided by 162?
84
Calculate the remainder when 363 is divided by 93.
84
Calculate the remainder when 298 is divided by 109.
80
Calculate the remainder when 114 is divided by 29.
27
Calculate the remainder when 45 is divided by 31.
14
What is the remainder when 109 is divided by 2?
1
What is the remainder when 854 is divided by 180?
134
Calculate the remainder when 13887 is divided by 62.
61
What is the remainder when 512 is divided by 14?
8
What is the remainder when 753 is divided by 36?
33
What is the remainder when 357 is divided by 60?
57
What is the remainder when 35 is divided by 11?
2
What is the remainder when 2233 is divided by 102?
91
What is the remainder when 326 is divided by 70?
46
Calculate the remainder when 957 is divided by 476.
5
What is the remainder when 2672 is divided by 1335?
2
What is the remainder when 3830 is divided by 19?
11
What is the remainder when 35 is divided by 29?
6
What is the remainder when 336 is divided by 23?
14
What is the remainder when 409 is divided by 203?
3
What is the remainder when 57 is divided by 15?
12
What is the remainder when 75 is divided by 28?
19
Calculate the remainder when 5144 is divided by 13.
9
Calculate the remainder when 1208 is divided by 5.
3
What is the remainder when 150 is divided by 10?
0
What is the remainder when 308 is divided by 78?
74
What is the remainder when 10442 is divided by 28?
26
Calculate the remainder when 522 is divided by 85.
12
Calculate the remainder when 395 is divided by 292.
103
What is the remainder when 3541 is divided by 18?
13
Calculate the remainder when 495 is divided by 166.
163
Calculate the remainder when 22 is divided by 16.
6
Calculate the remainder when 479 is divided by 22.
17
Calculate the remainder when 545 is divided by 41.
12
What is the remainder when 9153 is divided by 28?
25
Calculate the remainder when 87 is divided by 18.
15
What is the remainder when 483 is divided by 95?
8
Calculate the remainder when 94 is divided by 16.
14
What is the remainder when 161 is divided by 54?
53
What is the remainder when 396 is divided by 11?
0
Calculate the remainder when 698 is divided by 330.
38
What is the remainder when 23459 is divided by 230?
229
Calculate the remainder when 13422 is divided by 3354.
6
Calculate the remainder when 217 is divided by 71.
4
What is the remainder when 1318 is divided by 166?
156
Calculate the remainder when 1897 is divided by 153.
61
Calculate the remainder when 5398 is divided by 54.
52
Calculate the remainder when 320 is divided by 50.
20
Calculate the remainder when 2499 is divided by 149.
115
Calculate the remainder when 4849 is divided by 211.
207
Calculate the remainder when 36 is divided by 30.
6
What is the remainder when 333 is divided by 67?
65
Calculate the remainder when 50 is divided by 14.
8
What is the remainder when 81 is divided by 30?
21
Calculate the remainder when 1045 is divided by 257.
17
Calculate the remainder when 88 is divided by 10.
8
What is the remainder when 453 is divided by 111?
9
Calculate the remainder when 147 is divided by 11.
4
Calculate the remainder when 181 is divided by 26.
25
What is the remainder when 35925 is divided by 23?
22
Calculate the remainder when 462 is divided by 93.
90
Calculate the remainder when 1162 is divided by 3.
1
What is the remainder when 303 is divided by 63?
51
Calculate the remainder when 754 is divided by 76.
70
What is the remainder when 1326 is divided by 52?
26
What is the remainder when 194 is divided by 41?
30
Calculate the remainder when 483 is divided by 6.
3
What is the remainder when 1394 is divided by 45?
44
What is the remainder when 7810 is divided by 84?
82
What is the remainder when 353 is divided by 90?
83
What is the remainder when 113 is divided by 26?
9
What is the remainder when 241 is divided by 57?
13
What is the remainder when 8856 is divided by 103?
101
Calculate the remainder when 206 is divided by 42.
38
Calculate the remainder when 205 is divided by 53.
46
What is the remainder when 546 is divided by 115?
86
Calculate the remainder when 147 is divided by 37.
36
What is the remainder when 78 is divided by 16?
14
Calculate the remainder when 217 is divided by 10.
7
Calculate the remainder when 11549 is divided by 11.
10
What is the remainder when 206 is divided by 9?
8
Calculate the remainder when 80 is divided by 14.
10
Calculate the remainder when 254 is divided by 32.
30
What is the remainder when 151 is divided by 55?
41
What is the remainder when 219 is divided by 58?
45
What is the remainder when 248 is divided by 53?
36
What is the remainder when 3443 is divided by 6?
5
What is the remainder when 53 is divided by 24?
5
What is the remainder when 198 is divided by 40?
38
Calculate the remainder when 83 is divided by 5.
3
Calculate the remainder when 834 is divided by 275.
9
What is the remainder when 2714 is divided by 194?
192
What is the remainder when 178 is divided by 47?
37
What is the remainder when 75 is divided by 34?
7
What is the remainder when 153 is divided by 13?
10
Calculate the remainder when 51 is divided by 15.
6
Calculate the remainder when 2279 is divided by 22.
13
What is the remainder when 445 is divided by 33?
16
Calculate the remainder when 738 is divided by 33.
12
Calculate the remainder when 96 is divided by 34.
28
Calculate the remainder when 105 is divided by 19.
10
What is the remainder when 143 is divided by 25?
18
What is the remainder when 236 is divided by 80?
76
Calculate the remainder when 818 is divided by 93.
74
What is the remainder when 1011 is divided by 147?
129
Calculate the remainder when 1819 is divided by 230.
209
What is the remainder when 522 is divided by 46?
16
What is the remainder when 154 is divided by 79?
75
Calculate the remainder when 1462 is divided by 30.
22
What is the remainder when 278 is divided by 97?
84
Calculate the remainder when 2397 is divided by 30.
27
Calculate the remainder when 716 is divided by 30.
26
Calculate 